{"id":62,"date":"2025-01-21T04:34:22","date_gmt":"2025-01-21T04:34:22","guid":{"rendered":"https:\/\/hmradiofuego.com\/portal\/home\/"},"modified":"2025-09-11T14:29:10","modified_gmt":"2025-09-11T19:29:10","slug":"home","status":"publish","type":"page","link":"https:\/\/hmradiofuego.com\/portal\/","title":{"rendered":"Inicio"},"content":{"rendered":"<p>[et_pb_section fb_built=\u00bb1&#8243; _builder_version=\u00bb4.11.1&#8243; _module_preset=\u00bbdefault\u00bb background_image=\u00bbhttps:\/\/hmradiofuego.com\/portal\/wp-content\/uploads\/2025\/01\/micro-scaled.jpg\u00bb global_colors_info=\u00bb{}\u00bb custom_padding=\u00bb240px||138px|||\u00bb][et_pb_row column_structure=\u00bb1_2,1_2&#8243; _builder_version=\u00bb4.11.1&#8243; _module_preset=\u00bbdefault\u00bb global_colors_info=\u00bb{}\u00bb][et_pb_column type=\u00bb1_2&#8243; _builder_version=\u00bb4.11.1&#8243; _module_preset=\u00bbdefault\u00bb global_colors_info=\u00bb{}\u00bb][et_pb_code _builder_version=\u00bb4.11.1&#8243; _module_preset=\u00bbdefault\u00bb global_colors_info=\u00bb{}\u00bb]<iframe loading=\"lazy\" src=\"https:\/\/hmradiofuego.com\/portal\/player.html\" width=\"100%\" height=\"500px\" style=\"border: none;\"><\/iframe>[\/et_pb_code][\/et_pb_column][et_pb_column type=\u00bb1_2&#8243; _builder_version=\u00bb4.11.1&#8243; _module_preset=\u00bbdefault\u00bb global_colors_info=\u00bb{}\u00bb][et_pb_text _builder_version=\u00bb4.11.1&#8243; _module_preset=\u00bbdefault\u00bb global_colors_info=\u00bb{}\u00bb]<\/p>\n<p style=\"text-align: center;\"><span style=\"color: #ffffff;\"><strong>RADIO\u00a0 FUEGO 99.1 FM<\/strong><\/span><\/p>\n<h3 style=\"text-align: center;\"><span style=\"color: #ffffff;\"><strong>\u201cLa voz de los que no tienen voz\u201d<\/strong><\/span><\/h3>\n<p>[\/et_pb_text][et_pb_text _builder_version=\u00bb4.11.1&#8243; _module_preset=\u00bbdefault\u00bb global_colors_info=\u00bb{}\u00bb]<\/p>\n<p style=\"text-align: center;\"><span style=\"color: #ffffff;\"><strong>Descarga nuestras Aplicaciones M\u00f3viles:<\/strong><\/span><\/p>\n<p>[\/et_pb_text][et_pb_image src=\u00bbhttps:\/\/hmradiofuego.com\/portal\/wp-content\/uploads\/2025\/01\/apple2.webp\u00bb title_text=\u00bbapple2&#8243; url=\u00bbhttps:\/\/apps.apple.com\/es\/app\/radio-fuego-99-1-fm\/id1636215613&#8243; url_new_window=\u00bbon\u00bb _builder_version=\u00bb4.11.1&#8243; _module_preset=\u00bbdefault\u00bb global_colors_info=\u00bb{}\u00bb][\/et_pb_image][et_pb_image src=\u00bbhttps:\/\/hmradiofuego.com\/portal\/wp-content\/uploads\/2025\/01\/google1.webp\u00bb title_text=\u00bbgoogle1&#8243; url=\u00bbhttps:\/\/play.google.com\/store\/apps\/details?id=fuego991fm.compuwebecuador.com\u00bb url_new_window=\u00bbon\u00bb _builder_version=\u00bb4.11.1&#8243; _module_preset=\u00bbdefault\u00bb global_colors_info=\u00bb{}\u00bb][\/et_pb_image][\/et_pb_column][\/et_pb_row][\/et_pb_section][et_pb_section fb_built=\u00bb1&#8243; _builder_version=\u00bb4.11.1&#8243; _module_preset=\u00bbdefault\u00bb background_color=\u00bb#E09900&#8243; use_background_color_gradient=\u00bbon\u00bb background_color_gradient_start=\u00bb#000000&#8243; background_color_gradient_end=\u00bb#4f2621&#8243; min_height=\u00bb541.1px\u00bb custom_padding=\u00bb111px|||||\u00bb global_colors_info=\u00bb{}\u00bb][et_pb_row column_structure=\u00bb1_2,1_2&#8243; _builder_version=\u00bb4.11.1&#8243; _module_preset=\u00bbdefault\u00bb min_height=\u00bb344.1px\u00bb custom_padding=\u00bb15px|||||\u00bb global_colors_info=\u00bb{}\u00bb][et_pb_column type=\u00bb1_2&#8243; _builder_version=\u00bb4.11.1&#8243; _module_preset=\u00bbdefault\u00bb global_colors_info=\u00bb{}\u00bb][et_pb_code _builder_version=\u00bb4.11.1&#8243; _module_preset=\u00bbdefault\u00bb width=\u00bb100%\u00bb max_height=\u00bb1000px\u00bb global_colors_info=\u00bb{}\u00bb]<iframe <!-- [et_pb_line_break_holder] -->    width=\u00bb400&#8243; <!-- [et_pb_line_break_holder] -->    height=\u00bb315&#8243; <!-- [et_pb_line_break_holder] -->    src=\u00bbhttps:\/\/www.youtube.com\/embed\/-PxgX8vAqgc?rel=0&#038;autoplay=1&#038;mute=1&#038;loop=1&#038;playlist=-PxgX8vAqgc&#038;controls=0&#038;modestbranding=1&#8243; <!-- [et_pb_line_break_holder] -->    title=\u00bbYouTube video player\u00bb <!-- [et_pb_line_break_holder] -->    frameborder=\u00bb0&#8243; <!-- [et_pb_line_break_holder] -->    allow=\u00bbaccelerometer; autoplay; clipboard-write; encrypted-media; gyroscope; picture-in-picture; web-share\u00bb <!-- [et_pb_line_break_holder] -->    referrerpolicy=\u00bbstrict-origin-when-cross-origin\u00bb <!-- [et_pb_line_break_holder] -->    allowfullscreen><!-- [et_pb_line_break_holder] --><\/iframe><!-- [et_pb_line_break_holder] -->[\/et_pb_code][et_pb_code _builder_version=\u00bb4.11.1&#8243; _module_preset=\u00bbdefault\u00bb global_colors_info=\u00bb{}\u00bb][\/et_pb_code][\/et_pb_column][et_pb_column type=\u00bb1_2&#8243; _builder_version=\u00bb4.11.1&#8243; _module_preset=\u00bbdefault\u00bb global_colors_info=\u00bb{}\u00bb][et_pb_text _builder_version=\u00bb4.11.1&#8243; _module_preset=\u00bbdefault\u00bb text_text_color=\u00bb#FFFFFF\u00bb text_font_size=\u00bb16px\u00bb text_letter_spacing=\u00bb1px\u00bb text_orientation=\u00bbjustified\u00bb text_text_shadow_style=\u00bbpreset1&#8243; global_colors_info=\u00bb{}\u00bb]<\/p>\n<p><strong>Radio Fuego HM 99.1 FM<\/strong> desde Zaruma, llevando alegr\u00eda, informaci\u00f3n y los mejores \u00e9xitos musicales directamente a tu d\u00eda.<\/p>\n<p>Con\u00e9ctate con nosotros y disfruta de programaci\u00f3n variada, entrevistas exclusivas y contenido de calidad que te acompa\u00f1a en cada momento.<\/p>\n<p>[\/et_pb_text][et_pb_button button_url=\u00bbhttps:\/\/www.facebook.com\/HMfuego991fm\u00bb button_text=\u00bb\ud83d\udd34En vivo\u00bb _builder_version=\u00bb4.11.1&#8243; _module_preset=\u00bbdefault\u00bb custom_margin=\u00bb49px|||||\u00bb global_colors_info=\u00bb{}\u00bb][\/et_pb_button][\/et_pb_column][\/et_pb_row][\/et_pb_section][et_pb_section fb_built=\u00bb1&#8243; admin_label=\u00bbsection\u00bb _builder_version=\u00bb4.11.1&#8243; background_image=\u00bbhttps:\/\/hmradiofuego.com\/portal\/wp-content\/uploads\/2025\/01\/abstract-red-smooth-wave-lines-scaled.jpg\u00bb background_repeat=\u00bbrepeat\u00bb custom_margin=\u00bb||-7px|||\u00bb custom_padding=\u00bb||3px|||\u00bb top_divider_style=\u00bbasymmetric2&#8243; top_divider_color=\u00bb#4f2621&#8243; top_divider_height=\u00bb80px\u00bb top_divider_repeat=\u00bb1x\u00bb global_colors_info=\u00bb{}\u00bb][et_pb_row _builder_version=\u00bb4.11.1&#8243; _module_preset=\u00bbdefault\u00bb global_colors_info=\u00bb{}\u00bb][et_pb_column type=\u00bb4_4&#8243; _builder_version=\u00bb4.11.1&#8243; _module_preset=\u00bbdefault\u00bb global_colors_info=\u00bb{}\u00bb][et_pb_image src=\u00bbhttps:\/\/hmradiofuego.com\/portal\/wp-content\/uploads\/2025\/01\/21.jpg\u00bb title_text=\u00bb21&#8243; _builder_version=\u00bb4.11.1&#8243; _module_preset=\u00bbdefault\u00bb custom_padding=\u00bb39px|||||\u00bb global_colors_info=\u00bb{}\u00bb][\/et_pb_image][\/et_pb_column][\/et_pb_row][\/et_pb_section][et_pb_section fb_built=\u00bb1&#8243; _builder_version=\u00bb4.11.1&#8243; _module_preset=\u00bbdefault\u00bb custom_padding=\u00bb0px|||||\u00bb global_colors_info=\u00bb{}\u00bb][\/et_pb_section][et_pb_section fb_built=\u00bb1&#8243; _builder_version=\u00bb4.11.1&#8243; _module_preset=\u00bbdefault\u00bb min_height=\u00bb121px\u00bb custom_margin=\u00bb-76px|||||\u00bb custom_padding=\u00bb0px|||||\u00bb global_colors_info=\u00bb{}\u00bb][et_pb_row _builder_version=\u00bb4.11.1&#8243; _module_preset=\u00bbdefault\u00bb min_height=\u00bb145px\u00bb custom_padding=\u00bb||30px|||\u00bb global_colors_info=\u00bb{}\u00bb][et_pb_column type=\u00bb4_4&#8243; _builder_version=\u00bb4.11.1&#8243; _module_preset=\u00bbdefault\u00bb global_colors_info=\u00bb{}\u00bb][et_pb_code _builder_version=\u00bb4.11.1&#8243; _module_preset=\u00bbdefault\u00bb custom_margin=\u00bb10px||-16px|||\u00bb custom_css_main_element=\u00bb.schedule-section {||  text-align: center;||  margin: 20px 0;||}||||.schedule-title span {||  display: inline-block;||  background: red;||  color: white;||  padding: 5px 15px;||  font-weight: bold;||  text-transform: uppercase;||  border-radius: 5px;||}||||.schedule-tabs {||  display: flex;||  justify-content: center;||  margin: 20px 0;||}||||.tab {||  background: #f5f5f5;||  border: 1px solid #ddd;||  color: #333;||  padding: 10px 20px;||  margin: 0 5px;||  border-radius: 5px;||  cursor: pointer;||  font-weight: bold;||  text-transform: uppercase;||}||||.tab:hover {||  background: #ddd;||}||||.tab.active {||  background: #0033cc;||  color: white;||}||||.tab-content {||  margin-top: 20px;||}||||.day-content {||  display: none;||}||||.day-content.active {||  display: block;||}||\u00bb global_colors_info=\u00bb{}\u00bb]<\/p>\n<div class=\"schedule-section\"><!-- [et_pb_line_break_holder] -->  <\/p>\n<h2 class=\"schedule-title\"><!-- [et_pb_line_break_holder] -->    <span>Saludos en vivo<\/span><!-- [et_pb_line_break_holder] -->  <\/h2>\n<p><!-- [et_pb_line_break_holder] --><!-- [et_pb_line_break_holder] --><\/div>\n<p><!-- [et_pb_line_break_holder] --><!-- [et_pb_line_break_holder] -->[\/et_pb_code][\/et_pb_column][\/et_pb_row][\/et_pb_section][et_pb_section fb_built=\u00bb1&#8243; prev_background_color=\u00bb#ffffff\u00bb next_background_color=\u00bb#ffffff\u00bb _builder_version=\u00bb4.11.1&#8243; _module_preset=\u00bbdefault\u00bb use_background_color_gradient=\u00bbon\u00bb background_color_gradient_start=\u00bb#000000&#8243; background_color_gradient_end=\u00bb#ec5040&#8243; background_enable_image=\u00bboff\u00bb min_height=\u00bb1224.8px\u00bb custom_margin=\u00bb-184px|||||\u00bb custom_padding=\u00bb93px|||||\u00bb top_divider_style=\u00bbarrow3&#8243; bottom_divider_style=\u00bbmountains2&#8243; global_colors_info=\u00bb{}\u00bb][et_pb_row _builder_version=\u00bb4.11.1&#8243; _module_preset=\u00bbdefault\u00bb custom_padding=\u00bb58px||69px|||\u00bb global_colors_info=\u00bb{}\u00bb][et_pb_column type=\u00bb4_4&#8243; _builder_version=\u00bb4.11.1&#8243; _module_preset=\u00bbdefault\u00bb global_colors_info=\u00bb{}\u00bb][et_pb_code _builder_version=\u00bb4.11.1&#8243; _module_preset=\u00bbdefault\u00bb custom_css_main_element=\u00bb.fb-comments-container {||  display: flex;||  justify-content: center;||  align-items: center;||  margin: 20px auto; \/* Margen superior e inferior *\/||  padding: 20px;||  background-color: white; \/* Fondo blanco *\/||  border: 2px solid #ddd; \/* Borde gris claro *\/||  border-radius: 10px; \/* Bordes redondeados *\/||  box-shadow: 0 4px 6px rgba(0, 0, 0, 0.1); \/* Sombra suave *\/||  max-width: 800px; \/* Ancho m\u00e1ximo *\/||}||||.fb-comments-container .fb-comments {||  width: 100%; \/* Aseg\u00farate de que el componente ocupe el contenedor *\/||}||\u00bb global_colors_info=\u00bb{}\u00bb]<\/p>\n<div id=\"fb-root\"><\/div>\n<p><!-- [et_pb_line_break_holder] --><script async defer crossorigin=\"anonymous\" src=\"https:\/\/connect.facebook.net\/es_ES\/sdk.js#xfbml=1&#038;version=v22.0\"><\/script><!-- [et_pb_line_break_holder] --><!-- [et_pb_line_break_holder] --><\/p>\n<div class=\"fb-comments-container\"><!-- [et_pb_line_break_holder] -->  <\/p>\n<div id=\"fb-root\"><\/div>\n<p><!-- [et_pb_line_break_holder] -->  <script async defer crossorigin=\"anonymous\" src=\"https:\/\/connect.facebook.net\/es_ES\/sdk.js#xfbml=1&#038;version=v22.0\"><\/script><!-- [et_pb_line_break_holder] -->  <\/p>\n<div class=\"fb-comments\" data-href=\"https:\/\/www.facebook.com\/HMfuego991fm\" data-width=\"\" data-numposts=\"5\"><\/div>\n<p><!-- [et_pb_line_break_holder] --><\/div>\n<p><!-- [et_pb_line_break_holder] -->[\/et_pb_code][\/et_pb_column][\/et_pb_row][et_pb_row _builder_version=\u00bb4.11.1&#8243; _module_preset=\u00bbdefault\u00bb global_colors_info=\u00bb{}\u00bb][et_pb_column type=\u00bb4_4&#8243; _builder_version=\u00bb4.11.1&#8243; _module_preset=\u00bbdefault\u00bb global_colors_info=\u00bb{}\u00bb][et_pb_code _builder_version=\u00bb4.11.1&#8243; _module_preset=\u00bbdefault\u00bb text_orientation=\u00bbcenter\u00bb global_colors_info=\u00bb{}\u00bb]<\/p>\n<div id=\"fb-root\"><\/div>\n<p><!-- [et_pb_line_break_holder] --><script async defer crossorigin=\"anonymous\" src=\"https:\/\/connect.facebook.net\/es_ES\/sdk.js#xfbml=1&#038;version=v22.0\"><\/script><!-- [et_pb_line_break_holder] --><!-- [et_pb_line_break_holder] --><\/p>\n<div class=\"fb-page\" <!-- [et_pb_line_break_holder] -->     data-href=\u00bbhttps:\/\/www.facebook.com\/HMfuego991fm\u00bb <!-- [et_pb_line_break_holder] -->     data-tabs=\u00bbtimeline, events, messages\u00bb <!-- [et_pb_line_break_holder] -->     data-width=\u00bb1900&#8243; <!-- [et_pb_line_break_holder] -->     data-height=\u00bb500&#8243; <!-- [et_pb_line_break_holder] -->     data-small-header=\u00bbfalse\u00bb <!-- [et_pb_line_break_holder] -->     data-adapt-container-width=\u00bbtrue\u00bb <!-- [et_pb_line_break_holder] -->     data-hide-cover=\u00bbfalse\u00bb <!-- [et_pb_line_break_holder] -->     data-show-facepile=\u00bbtrue\u00bb><!-- [et_pb_line_break_holder] -->    <\/p>\n<blockquote cite=\"https:\/\/www.facebook.com\/HMfuego991fm\" class=\"fb-xfbml-parse-ignore\"><p><!-- [et_pb_line_break_holder] -->        <a href=\"https:\/\/www.facebook.com\/HMfuego991fm\">H.M. RADIO FUEGO<\/a><!-- [et_pb_line_break_holder] -->    <\/p><\/blockquote>\n<p><!-- [et_pb_line_break_holder] --><\/div>\n<p><!-- [et_pb_line_break_holder] -->[\/et_pb_code][\/et_pb_column][\/et_pb_row][\/et_pb_section][et_pb_section fb_built=\u00bb1&#8243; _builder_version=\u00bb4.11.1&#8243; _module_preset=\u00bbdefault\u00bb global_colors_info=\u00bb{}\u00bb][et_pb_row column_structure=\u00bb1_2,1_2&#8243; _builder_version=\u00bb4.11.1&#8243; _module_preset=\u00bbdefault\u00bb global_colors_info=\u00bb{}\u00bb][et_pb_column type=\u00bb1_2&#8243; _builder_version=\u00bb4.11.1&#8243; _module_preset=\u00bbdefault\u00bb global_colors_info=\u00bb{}\u00bb][et_pb_text _builder_version=\u00bb4.11.1&#8243; _module_preset=\u00bbdefault\u00bb text_font=\u00bb|700||on|||||\u00bb text_text_color=\u00bb#000000&#8243; text_font_size=\u00bb35px\u00bb text_letter_spacing=\u00bb2px\u00bb text_line_height=\u00bb1.8em\u00bb custom_padding=\u00bb55px|||||\u00bb text_text_shadow_style=\u00bbpreset3&#8243; global_colors_info=\u00bb{}\u00bb]<\/p>\n<p><span style=\"color: #ffffff;\">Nuestras redes:<\/span><\/p>\n<p>[\/et_pb_text][\/et_pb_column][et_pb_column type=\u00bb1_2&#8243; _builder_version=\u00bb4.11.1&#8243; _module_preset=\u00bbdefault\u00bb global_colors_info=\u00bb{}\u00bb][et_pb_code _builder_version=\u00bb4.11.1&#8243; _module_preset=\u00bbdefault\u00bb hover_enabled=\u00bb0&#8243; global_colors_info=\u00bb{}\u00bb sticky_enabled=\u00bb0&#8243;]<\/p>\n<style><!-- [et_pb_line_break_holder] -->  .container {<!-- [et_pb_line_break_holder] -->    background: white;<!-- [et_pb_line_break_holder] -->    padding: 10px 20px; <!-- [et_pb_line_break_holder] -->    border-radius: 10px;<!-- [et_pb_line_break_holder] -->    box-shadow: 0 4px 6px rgba(0, 0, 0, 0.1);<!-- [et_pb_line_break_holder] -->    text-align: center;<!-- [et_pb_line_break_holder] -->    animation: bounce 1.5s infinite;<!-- [et_pb_line_break_holder] -->    display: inline-block; <!-- [et_pb_line_break_holder] -->  }<!-- [et_pb_line_break_holder] --><!-- [et_pb_line_break_holder] -->  .container p {<!-- [et_pb_line_break_holder] -->    font-size: 2rem;<!-- [et_pb_line_break_holder] -->    color: black;<!-- [et_pb_line_break_holder] -->    margin: 0; <!-- [et_pb_line_break_holder] -->    line-height: 1.2; <!-- [et_pb_line_break_holder] -->    font-weight: bold;<!-- [et_pb_line_break_holder] -->  }<!-- [et_pb_line_break_holder] --><!-- [et_pb_line_break_holder] -->  #visitCount {<!-- [et_pb_line_break_holder] -->    color: #ff5770;<!-- [et_pb_line_break_holder] -->    font-weight: bold;<!-- [et_pb_line_break_holder] -->  }<!-- [et_pb_line_break_holder] --><!-- [et_pb_line_break_holder] -->  @keyframes bounce {<!-- [et_pb_line_break_holder] -->    10%, 100% {<!-- [et_pb_line_break_holder] -->      transform: translateY(0);<!-- [et_pb_line_break_holder] -->    }<!-- [et_pb_line_break_holder] -->    50% {<!-- [et_pb_line_break_holder] -->      transform: translateY(-5px); <!-- [et_pb_line_break_holder] -->    }<!-- [et_pb_line_break_holder] -->  }<!-- [et_pb_line_break_holder] --><\/style>\n<p><!-- [et_pb_line_break_holder] --><!-- [et_pb_line_break_holder] --><\/p>\n<div class=\"container\"><!-- [et_pb_line_break_holder] -->  <pee><!-- [et_pb_line_break_holder] -->    Visitas: <span id=\"visitCount\">1,403,241<\/span><!-- [et_pb_line_break_holder] -->  <\/pee><!-- [et_pb_line_break_holder] --><\/div>\n<p><!-- [et_pb_line_break_holder] -->[\/et_pb_code][\/et_pb_column][\/et_pb_row][et_pb_row _builder_version=\u00bb4.11.1&#8243; _module_preset=\u00bbdefault\u00bb global_colors_info=\u00bb{}\u00bb][et_pb_column type=\u00bb4_4&#8243; _builder_version=\u00bb4.11.1&#8243; _module_preset=\u00bbdefault\u00bb global_colors_info=\u00bb{}\u00bb][et_pb_code _builder_version=\u00bb4.11.1&#8243; _module_preset=\u00bbdefault\u00bb global_colors_info=\u00bb{}\u00bb] <div class=\"sfsi_widget sfsi_shortcode_container\"><div class=\"norm_row sfsi_wDiv \"  style=\"width:225px;text-align:left;\"><div style='width:40px; height:40px;margin-left:5px;margin-bottom:5px; ' class='sfsi_wicons shuffeldiv ' ><div class='inerCnt'><a class=' sficn' data-effect='' target='_blank' rel='noopener'  href='https:\/\/www.facebook.com\/HMfuego991fm' id='sfsiid_facebook_icon' style='width:40px;height:40px;opacity:1;'  ><img data-pin-nopin='true' alt='Facebook' title='Facebook' src='https:\/\/hmradiofuego.com\/portal\/wp-content\/plugins\/ultimate-social-media-icons\/images\/icons_theme\/default\/default_facebook.png' width='40' height='40' style='' class='sfcm sfsi_wicon ' data-effect=''   \/><\/a><\/div><\/div><div style='width:40px; height:40px;margin-left:5px;margin-bottom:5px; ' class='sfsi_wicons shuffeldiv ' ><div class='inerCnt'><a class=' sficn' data-effect='' target='_blank' rel='noopener'  href='https:\/\/x.com\/HMfuego991fm' id='sfsiid_twitter_icon' style='width:40px;height:40px;opacity:1;'  ><img data-pin-nopin='true' alt='X (Twitter)' title='X (Twitter)' src='https:\/\/hmradiofuego.com\/portal\/wp-content\/plugins\/ultimate-social-media-icons\/images\/icons_theme\/default\/default_twitter.png' width='40' height='40' style='' class='sfcm sfsi_wicon ' data-effect=''   \/><\/a><\/div><\/div><div style='width:40px; height:40px;margin-left:5px;margin-bottom:5px; ' class='sfsi_wicons shuffeldiv ' ><div class='inerCnt'><a class=' sficn' data-effect='' target='_blank' rel='noopener'  href='https:\/\/www.instagram.com\/hmradiofuego\/' id='sfsiid_instagram_icon' style='width:40px;height:40px;opacity:1;'  ><img data-pin-nopin='true' alt='Instagram' title='Instagram' src='https:\/\/hmradiofuego.com\/portal\/wp-content\/plugins\/ultimate-social-media-icons\/images\/icons_theme\/default\/default_instagram.png' width='40' height='40' style='' class='sfcm sfsi_wicon ' data-effect=''   \/><\/a><\/div><\/div><div style='width:40px; height:40px;margin-left:5px;margin-bottom:5px; ' class='sfsi_wicons shuffeldiv ' ><div class='inerCnt'><a class=' sficn' data-effect='' target='_blank' rel='noopener'  href='https:\/\/www.tiktok.com\/@hmradiofuego' id='sfsiid_tiktok_icon' style='width:40px;height:40px;opacity:1;'  ><img data-pin-nopin='true' alt='Tiktok' title='Tiktok' src='https:\/\/hmradiofuego.com\/portal\/wp-content\/plugins\/ultimate-social-media-icons\/images\/icons_theme\/default\/default_tiktok.png' width='40' height='40' style='' class='sfcm sfsi_wicon ' data-effect=''   \/><\/a><\/div><\/div><\/div ><div id=\"sfsi_holder\" class=\"sfsi_holders\" style=\"position: relative; float: left;width:100%;z-index:-1;\"><\/div ><script>window.addEventListener(\"sfsi_functions_loaded\", function()\n\t\t\t{\n\t\t\t\tif (typeof sfsi_widget_set == \"function\") {\n\t\t\t\t\tsfsi_widget_set();\n\t\t\t\t}\n\t\t\t}); <\/script><div style=\"clear: both;\"><\/div><\/div>[\/et_pb_code][\/et_pb_column][\/et_pb_row][\/et_pb_section][et_pb_section fb_built=\u00bb1&#8243; _builder_version=\u00bb4.11.1&#8243; _module_preset=\u00bbdefault\u00bb custom_padding=\u00bb0px|||||\u00bb global_colors_info=\u00bb{}\u00bb][et_pb_row _builder_version=\u00bb4.11.1&#8243; _module_preset=\u00bbdefault\u00bb min_height=\u00bb173.8px\u00bb global_colors_info=\u00bb{}\u00bb][et_pb_column type=\u00bb4_4&#8243; _builder_version=\u00bb4.11.1&#8243; _module_preset=\u00bbdefault\u00bb global_colors_info=\u00bb{}\u00bb][et_pb_text _builder_version=\u00bb4.11.1&#8243; _module_preset=\u00bbdefault\u00bb text_font_size=\u00bb25px\u00bb text_orientation=\u00bbcenter\u00bb custom_margin=\u00bb||88px|||\u00bb custom_padding=\u00bb6px||2px|||\u00bb link_option_url=\u00bbwww.compuwebecuador.com\u00bb link_option_url_new_window=\u00bbon\u00bb text_text_shadow_style=\u00bbpreset1&#8243; text_text_shadow_blur_strength=\u00bb0.13em\u00bb global_colors_info=\u00bb{}\u00bb]<\/p>\n<h5 style=\"text-align: center;\"><span style=\"color: #ffffff;\"><strong>Desarrollado por: <\/strong><a href=\"https:\/\/compuwebecuador.com\/\" target=\"_blank\" rel=\"noopener\"><strong>Compuweb Ecuador<\/strong><\/a><\/span><\/h5>\n<p>[\/et_pb_text][et_pb_image src=\u00bbhttps:\/\/hmradiofuego.com\/portal\/wp-content\/uploads\/2025\/01\/wsp.png\u00bb title_text=\u00bbwsp\u00bb url=\u00bbhttps:\/\/api.whatsapp.com\/send\/?phone=593997047035&#038;text&#038;type=phone_number&#038;app_absent=0&#8243; _builder_version=\u00bb4.11.1&#8243; _module_preset=\u00bbdefault\u00bb positioning=\u00bbfixed\u00bb position_origin_f=\u00bbbottom_right\u00bb vertical_offset=\u00bb115px\u00bb z_index=\u00bb500&#8243; width=\u00bb5%\u00bb global_colors_info=\u00bb{}\u00bb][\/et_pb_image][\/et_pb_column][\/et_pb_row][\/et_pb_section]<\/p>\n","protected":false},"excerpt":{"rendered":"<p>RADIO\u00a0 FUEGO 99.1 FM \u201cLa voz de los que no tienen voz\u201dDescarga nuestras Aplicaciones M\u00f3viles:Radio Fuego HM 99.1 FM desde Zaruma, llevando alegr\u00eda, informaci\u00f3n y los mejores \u00e9xitos musicales directamente a tu d\u00eda. Con\u00e9ctate con nosotros y disfruta de programaci\u00f3n variada, entrevistas exclusivas y contenido de calidad que te acompa\u00f1a en cada momento.Nuestras redes: <div class=\"sfsi_widget sfsi_shortcode_container\"><div class=\"norm_row sfsi_wDiv \"  style=\"width:225px;text-align:left;\"><div style='width:40px; height:40px;margin-left:5px;margin-bottom:5px; ' class='sfsi_wicons shuffeldiv ' ><div class='inerCnt'><a class=' sficn' data-effect='' target='_blank' rel='noopener'  href='https:\/\/www.facebook.com\/HMfuego991fm' id='sfsiid_facebook_icon' style='width:40px;height:40px;opacity:1;'  ><img data-pin-nopin='true' alt='Facebook' title='Facebook' src='https:\/\/hmradiofuego.com\/portal\/wp-content\/plugins\/ultimate-social-media-icons\/images\/icons_theme\/default\/default_facebook.png' width='40' height='40' style='' class='sfcm sfsi_wicon ' data-effect=''   \/><\/a><\/div><\/div><div style='width:40px; height:40px;margin-left:5px;margin-bottom:5px; ' class='sfsi_wicons shuffeldiv ' ><div class='inerCnt'><a class=' sficn' data-effect='' target='_blank' rel='noopener'  href='https:\/\/x.com\/HMfuego991fm' id='sfsiid_twitter_icon' style='width:40px;height:40px;opacity:1;'  ><img data-pin-nopin='true' alt='X (Twitter)' title='X (Twitter)' src='https:\/\/hmradiofuego.com\/portal\/wp-content\/plugins\/ultimate-social-media-icons\/images\/icons_theme\/default\/default_twitter.png' width='40' height='40' style='' class='sfcm sfsi_wicon ' data-effect=''   \/><\/a><\/div><\/div><div style='width:40px; height:40px;margin-left:5px;margin-bottom:5px; ' class='sfsi_wicons shuffeldiv ' ><div class='inerCnt'><a class=' sficn' data-effect='' target='_blank' rel='noopener'  href='https:\/\/www.instagram.com\/hmradiofuego\/' id='sfsiid_instagram_icon' style='width:40px;height:40px;opacity:1;'  ><img data-pin-nopin='true' alt='Instagram' title='Instagram' src='https:\/\/hmradiofuego.com\/portal\/wp-content\/plugins\/ultimate-social-media-icons\/images\/icons_theme\/default\/default_instagram.png' width='40' height='40' style='' class='sfcm sfsi_wicon ' data-effect=''   \/><\/a><\/div><\/div><div style='width:40px; height:40px;margin-left:5px;margin-bottom:5px; ' class='sfsi_wicons shuffeldiv ' ><div class='inerCnt'><a class=' sficn' data-effect='' target='_blank' rel='noopener'  href='https:\/\/www.tiktok.com\/@hmradiofuego' id='sfsiid_tiktok_icon' style='width:40px;height:40px;opacity:1;'  ><img data-pin-nopin='true' alt='Tiktok' title='Tiktok' src='https:\/\/hmradiofuego.com\/portal\/wp-content\/plugins\/ultimate-social-media-icons\/images\/icons_theme\/default\/default_tiktok.png' width='40' height='40' style='' class='sfcm sfsi_wicon ' data-effect=''   \/><\/a><\/div><\/div><\/div ><div id=\"sfsi_holder\" class=\"sfsi_holders\" style=\"position: relative; float: left;width:100%;z-index:-1;\"><\/div ><script>window.addEventListener(\"sfsi_functions_loaded\", function()\n\t\t\t{\n\t\t\t\tif (typeof sfsi_widget_set == \"function\") {\n\t\t\t\t\tsfsi_widget_set();\n\t\t\t\t}\n\t\t\t}); <\/script><div style=\"clear: both;\"><\/div><\/div>Desarrollado [&hellip;]<\/p>\n","protected":false},"author":1,"featured_media":0,"parent":0,"menu_order":0,"comment_status":"closed","ping_status":"closed","template":"","meta":{"_et_pb_use_builder":"on","_et_pb_old_content":"","_et_gb_content_width":"","footnotes":""},"class_list":["post-62","page","type-page","status-publish","hentry"],"_links":{"self":[{"href":"https:\/\/hmradiofuego.com\/portal\/wp-json\/wp\/v2\/pages\/62","targetHints":{"allow":["GET"]}}],"collection":[{"href":"https:\/\/hmradiofuego.com\/portal\/wp-json\/wp\/v2\/pages"}],"about":[{"href":"https:\/\/hmradiofuego.com\/portal\/wp-json\/wp\/v2\/types\/page"}],"author":[{"embeddable":true,"href":"https:\/\/hmradiofuego.com\/portal\/wp-json\/wp\/v2\/users\/1"}],"replies":[{"embeddable":true,"href":"https:\/\/hmradiofuego.com\/portal\/wp-json\/wp\/v2\/comments?post=62"}],"version-history":[{"count":120,"href":"https:\/\/hmradiofuego.com\/portal\/wp-json\/wp\/v2\/pages\/62\/revisions"}],"predecessor-version":[{"id":592,"href":"https:\/\/hmradiofuego.com\/portal\/wp-json\/wp\/v2\/pages\/62\/revisions\/592"}],"wp:attachment":[{"href":"https:\/\/hmradiofuego.com\/portal\/wp-json\/wp\/v2\/media?parent=62"}],"curies":[{"name":"wp","href":"https:\/\/api.w.org\/{rel}","templated":true}]}}